{"id":814,"date":"2024-03-26T01:18:17","date_gmt":"2024-03-26T06:18:17","guid":{"rendered":"https:\/\/industrial.unitru.edu.pe\/?page_id=814"},"modified":"2026-03-06T00:11:09","modified_gmt":"2026-03-06T05:11:09","slug":"resultado_estudiante","status":"publish","type":"page","link":"https:\/\/industrial.unitru.edu.pe\/index.php\/resultado_estudiante\/","title":{"rendered":"Resultados Estudiante"},"content":{"rendered":"\t\t<div data-elementor-type=\"wp-post\" data-elementor-id=\"814\" class=\"elementor elementor-814\">\n\t\t\t\t\t\t<section class=\"elementor-section elementor-top-section elementor-element elementor-element-4077da5b elementor-section-content-bottom elementor-section-boxed elementor-section-height-default elementor-section-height-default\" data-id=\"4077da5b\" data-element_type=\"section\" data-settings=\"{&quot;background_background&quot;:&quot;classic&quot;}\">\n\t\t\t\t\t\t\t<div class=\"elementor-background-overlay\"><\/div>\n\t\t\t\t\t\t\t<div class=\"elementor-container elementor-column-gap-extended\">\n\t\t\t\t\t<div class=\"elementor-column elementor-col-100 elementor-top-column elementor-element elementor-element-599a9678\" data-id=\"599a9678\" data-element_type=\"column\">\n\t\t\t<div class=\"elementor-widget-wrap elementor-element-populated\">\n\t\t\t\t\t\t<div class=\"elementor-element elementor-element-7f43309a elementor-widget elementor-widget-heading\" data-id=\"7f43309a\" data-element_type=\"widget\" data-widget_type=\"heading.default\">\n\t\t\t\t<div class=\"elementor-widget-container\">\n\t\t\t\t\t<h1 class=\"elementor-heading-title elementor-size-default\">Alumno de la Escuela<\/h1>\t\t\t\t<\/div>\n\t\t\t\t<\/div>\n\t\t\t\t\t<\/div>\n\t\t<\/div>\n\t\t\t\t\t<\/div>\n\t\t<\/section>\n\t\t\t\t<section class=\"elementor-section elementor-top-section elementor-element elementor-element-53b28d2d elementor-section-content-middle elementor-section-boxed elementor-section-height-default elementor-section-height-default\" data-id=\"53b28d2d\" data-element_type=\"section\">\n\t\t\t\t\t\t<div class=\"elementor-container elementor-column-gap-extended\">\n\t\t\t\t\t<div class=\"elementor-column elementor-col-100 elementor-top-column elementor-element elementor-element-84578ca\" data-id=\"84578ca\" data-element_type=\"column\">\n\t\t\t<div class=\"elementor-widget-wrap elementor-element-populated\">\n\t\t\t\t\t\t<div class=\"elementor-element elementor-element-5280f0f elementor-widget elementor-widget-text-editor\" data-id=\"5280f0f\" data-element_type=\"widget\" data-widget_type=\"text-editor.default\">\n\t\t\t\t<div class=\"elementor-widget-container\">\n\t\t\t\t\t\t\t\t\t<table border=\"1\">\n<tr>\n<th colspan=\"3\">ATRIBUTO DEL GRADUADO (AG)<\/th>\n<th>INDICADOR (I)<\/th>\n<\/tr>\n\n<tr>\n<td>AG-I01<\/td>\n<td>El profesional y el mundo<\/td>\n<td>\nAnaliza y eval\u00faa el impacto de las soluciones a problemas complejos de ingenier\u00eda en el desarrollo sostenible de la sociedad, la econom\u00eda, la sostenibilidad, la salud y la seguridad, los marcos legales y el medio ambiente.\n<\/td>\n<td>\nI01-1. Analiza el impacto de las soluciones a problemas complejos de ingenier\u00eda en el desarrollo sostenible de la sociedad, la econom\u00eda, la sostenibilidad, la salud y la seguridad, los marcos legales y el medio ambiente.<br><br>\nI01-2. Eval\u00faa el impacto de las soluciones a problemas complejos de ingenier\u00eda en el desarrollo sostenible de la sociedad, la econom\u00eda, la sostenibilidad, la salud y la seguridad, los marcos legales y el medio ambiente.<br><br>\nI01-3. Argumenta e integra conclusiones fundamentadas sobre el impacto de las soluciones de ingenier\u00eda.\n<\/td>\n<\/tr>\n\n<tr>\n<td>AG-I02<\/td>\n<td>\u00c9tica<\/td>\n<td>\nAplica principios \u00e9ticos y se compromete con la \u00e9tica profesional y las responsabilidades y normas de la pr\u00e1ctica de la ingenier\u00eda.\n<\/td>\n<td>\nI02-1. Identificaci\u00f3n y an\u00e1lisis de dilemas \u00e9ticos en contextos de ingenier\u00eda.<br><br>\nI02-2. Aplicaci\u00f3n de principios y c\u00f3digos de \u00e9tica profesional.<br><br>\nI02-3. Compromiso con la responsabilidad social y profesional.\n<\/td>\n<\/tr>\n\n<tr>\n<td>AG-I03<\/td>\n<td>Trabajo individual y en equipo<\/td>\n<td>\nSe desempe\u00f1a efectivamente como individuo y como parte de un equipo, en un entorno multidisciplinar, colaborativo e inclusivo, empleando mecanismos de interacci\u00f3n presenciales, remotos y sus combinaciones, estableciendo metas y estrategias para cumplir sus objetivos.\n<\/td>\n<td>\nI03-1. Participa y cumple su rol como individuo y como parte del equipo.<br><br>\nI03-2. Interact\u00faa efectivamente en entornos colaborativos, presenciales y remotos.<br><br>\nI03-3. Establece metas y estrategias para alcanzar objetivos comunes.\n<\/td>\n<\/tr>\n\n<tr>\n<td>AG-I04<\/td>\n<td>Comunicaci\u00f3n<\/td>\n<td>\nSe comunica de forma efectiva en actividades complejas de ingenier\u00eda con la comunidad t\u00e9cnica de ingenier\u00eda y la sociedad en general, a trav\u00e9s de la elaboraci\u00f3n y comprensi\u00f3n de informes y documentaci\u00f3n de dise\u00f1o, y a trav\u00e9s de la elaboraci\u00f3n y realizaci\u00f3n de presentaciones efectivas, seg\u00fan el p\u00fablico objetivo.\n<\/td>\n<td>\nI04-1. Elabora informes t\u00e9cnicos y documentaci\u00f3n de dise\u00f1o comprensibles en actividades complejas de ingenier\u00eda.<br><br>\nI04-2. Comunica de forma oral ideas t\u00e9cnicas de forma clara y adaptada al p\u00fablico objetivo mediante presentaciones efectivas.<br><br>\nI04-3. Participa efectiva y din\u00e1micamente con los grupos de inter\u00e9s de manera fundamentada y socializa los resultados.\n<\/td>\n<\/tr>\n\n<tr>\n<td>AG-I05<\/td>\n<td>Gesti\u00f3n de proyectos<\/td>\n<td>\nAplica los principios de gesti\u00f3n en ingenier\u00eda y la toma de decisiones econ\u00f3micas considerando eventuales riesgos, como miembro l\u00edder de un equipo, para gestionar proyectos en entornos multidisciplinarios.\n<\/td>\n<td>\nI05-1. Planifica y secuencia las actividades de un proyecto de ingenier\u00eda.<br><br>\nI05-2. Aplica criterios econ\u00f3micos para dise\u00f1ar y justificar estrategias de financiamiento en proyectos, considerando riesgos y asegurando su factibilidad.<br><br>\nI05-3. Administra los recursos y tiempos de un proyecto.\n<\/td>\n<\/tr>\n\n<tr>\n<td>AG-I06<\/td>\n<td>Aprendizaje a lo largo de la vida<\/td>\n<td>\nReconoce la necesidad y est\u00e1 preparado para: i) aprender de forma independiente y continua, ii) adaptarse a tecnolog\u00edas nuevas y emergentes, y iii) aplicar el pensamiento cr\u00edtico en el contexto m\u00e1s amplio de los cambios tecnol\u00f3gicos.\n<\/td>\n<td>\nI06-1. Participaci\u00f3n y contribuci\u00f3n en foros de clase.<br><br>\nI06-2. Adaptabilidad a nuevas tecnolog\u00edas.<br><br>\nI06-3. Revisa informaci\u00f3n actualizada y en l\u00ednea.\n<\/td>\n<\/tr>\n\n<tr>\n<td>AG-I07<\/td>\n<td>Conocimientos de ingenier\u00eda<\/td>\n<td>\nAplica conocimientos de matem\u00e1ticas, ciencias naturales, computaci\u00f3n, y conocimientos fundamentales y especializados de ingenier\u00eda para desarrollar soluciones a problemas complejos de ingenier\u00eda.\n<\/td>\n<td>\nI07-1. Identifica las situaciones problem\u00e1ticas de su contexto para desarrollar soluciones de impacto.<br><br>\nI07-2. Aplica conocimientos fundamentales y especializados en la soluci\u00f3n de problemas complejos de ingenier\u00eda.<br><br>\nI07-3. Gestiona recursos necesarios y disponibles para la planificaci\u00f3n, ejecuci\u00f3n y evaluaci\u00f3n de la soluci\u00f3n integral.<br><br>\nI07-4. Participa activamente en el desarrollo del proyecto, asumiendo responsabilidades de acuerdo con su rol y especialidad.\n<\/td>\n<\/tr>\n\n<tr>\n<td>AG-I08<\/td>\n<td>An\u00e1lisis de problemas<\/td>\n<td>\nIdentifica, busca informaci\u00f3n, caracteriza y analiza problemas complejos de ingenier\u00eda y su contexto, llegando a conclusiones fundamentadas usando conocimientos de matem\u00e1ticas, ciencias naturales y ciencias de la ingenier\u00eda desde una perspectiva hol\u00edstica para el desarrollo sostenible.\n<\/td>\n<td>\nI08-1. Identifica y describe su contexto, y selecciona un problema complejo de ingenier\u00eda.<br><br>\nI08-2. Recopila informaci\u00f3n id\u00f3nea para analizar el problema.<br><br>\nI08-3. Presenta conclusiones pertinentes relacionadas a la problem\u00e1tica estudiada.\n<\/td>\n<\/tr>\n\n<tr>\n<td>AG-I09<\/td>\n<td>Dise\u00f1o y desarrollo de soluciones<\/td>\n<td>\nDise\u00f1a soluciones creativas para problemas complejos de ingenier\u00eda y dise\u00f1a sistemas, componentes o procesos para satisfacer necesidades identificadas dentro de restricciones realistas, seg\u00fan se requiera, de salud y seguridad p\u00fablica, costo del ciclo de vida, carbono neto, de recursos, culturales, sociales, econ\u00f3micas y ambientales.\n<\/td>\n<td>\nI09-1. Conoce los componentes de los procesos o sistemas.<br><br>\nI09-2. Mejora sistemas dise\u00f1ados.<br><br>\nI09-3. Dise\u00f1a sistemas alternativos para la soluci\u00f3n de problemas.\n<\/td>\n<\/tr>\n\n<tr>\n<td>AG-I10<\/td>\n<td>Indagaci\u00f3n<\/td>\n<td>\nConduce indagaciones de problemas complejos de ingenier\u00eda usando m\u00e9todos de investigaci\u00f3n, incluyendo conocimiento basado en investigaci\u00f3n, dise\u00f1o y conducci\u00f3n de experimentos, an\u00e1lisis e interpretaci\u00f3n de datos y s\u00edntesis de informaci\u00f3n para producir conclusiones v\u00e1lidas.\n<\/td>\n<td>\nI10-1. Aplica m\u00e9todos de investigaci\u00f3n y dise\u00f1a experimentos para abordar problemas complejos de ingenier\u00eda.<br><br>\nI10-2. Analiza, interpreta y sintetiza informaci\u00f3n para producir conclusiones v\u00e1lidas.<br><br>\nI10-3. Integra conocimiento previo y propone mejoras o nuevas ideas de investigaci\u00f3n.\n<\/td>\n<\/tr>\n\n<tr>\n<td>AG-I11<\/td>\n<td>Uso de herramientas<\/td>\n<td>\nCrea, selecciona, aplica y reconoce las limitaciones de las t\u00e9cnicas, recursos y herramientas modernas apropiadas de ingenier\u00eda y tecnolog\u00edas de la informaci\u00f3n, incluyendo la predicci\u00f3n y el modelamiento, en problemas complejos de ingenier\u00eda.\n<\/td>\n<td>\nI11-1. Analiza y selecciona herramientas modernas adecuadas para resolver problemas complejos.<br><br>\nI11-2. Aplica herramientas modernas en el desarrollo de soluciones de ingenier\u00eda.<br><br>\nI11-3. Crea o adapta herramientas modernas y reconoce sus limitaciones en contextos reales.\n<\/td>\n<\/tr>\n\n<\/table>\t\t\t\t\t\t\t\t<\/div>\n\t\t\t\t<\/div>\n\t\t\t\t\t<\/div>\n\t\t<\/div>\n\t\t\t\t\t<\/div>\n\t\t<\/section>\n\t\t\t\t<\/div>\n\t\t","protected":false},"excerpt":{"rendered":"<p>Alumno de la Escuela ATRIBUTO DEL GRADUADO (AG) INDICADOR (I) AG-I01 El profesional y el mundo Analiza y eval\u00faa el impacto de las soluciones a problemas complejos de ingenier\u00eda en el desarrollo sostenible de la sociedad, la econom\u00eda, la sostenibilidad, la salud y la seguridad, los marcos legales y el medio ambiente. I01-1. Analiza el [&hellip;]<\/p>\n","protected":false},"author":1,"featured_media":0,"parent":0,"menu_order":0,"comment_status":"closed","ping_status":"closed","template":"","meta":{"site-sidebar-layout":"no-sidebar","site-content-layout":"page-builder","ast-site-content-layout":"full-width-container","site-content-style":"unboxed","site-sidebar-style":"unboxed","ast-global-header-display":"","ast-banner-title-visibility":"","ast-main-header-display":"","ast-hfb-above-header-display":"","ast-hfb-below-header-display":"","ast-hfb-mobile-header-display":"","site-post-title":"disabled","ast-breadcrumbs-content":"","ast-featured-img":"disabled","footer-sml-layout":"","theme-transparent-header-meta":"","adv-header-id-meta":"","stick-header-meta":"","header-above-stick-meta":"","header-main-stick-meta":"","header-below-stick-meta":"","astra-migrate-meta-layouts":"set","ast-page-background-enabled":"default","ast-page-background-meta":{"desktop":{"background-color":"","background-image":"","background-repeat":"repeat","background-position":"center center","background-size":"auto","background-attachment":"scroll","background-type":"","background-media":"","overlay-type":"","overlay-color":"","overlay-opacity":"","overlay-gradient":""},"tablet":{"background-color":"","background-image":"","background-repeat":"repeat","background-position":"center center","background-size":"auto","background-attachment":"scroll","background-type":"","background-media":"","overlay-type":"","overlay-color":"","overlay-opacity":"","overlay-gradient":""},"mobile":{"background-color":"","background-image":"","background-repeat":"repeat","background-position":"center center","background-size":"auto","background-attachment":"scroll","background-type":"","background-media":"","overlay-type":"","overlay-color":"","overlay-opacity":"","overlay-gradient":""}},"ast-content-background-meta":{"desktop":{"background-color":"var(--ast-global-color-5)","background-image":"","background-repeat":"repeat","background-position":"center center","background-size":"auto","background-attachment":"scroll","background-type":"","background-media":"","overlay-type":"","overlay-color":"","overlay-opacity":"","overlay-gradient":""},"tablet":{"background-color":"var(--ast-global-color-5)","background-image":"","background-repeat":"repeat","background-position":"center center","background-size":"auto","background-attachment":"scroll","background-type":"","background-media":"","overlay-type":"","overlay-color":"","overlay-opacity":"","overlay-gradient":""},"mobile":{"background-color":"var(--ast-global-color-5)","background-image":"","background-repeat":"repeat","background-position":"center center","background-size":"auto","background-attachment":"scroll","background-type":"","background-media":"","overlay-type":"","overlay-color":"","overlay-opacity":"","overlay-gradient":""}},"footnotes":""},"class_list":["post-814","page","type-page","status-publish","hentry"],"_links":{"self":[{"href":"https:\/\/industrial.unitru.edu.pe\/index.php\/wp-json\/wp\/v2\/pages\/814","targetHints":{"allow":["GET"]}}],"collection":[{"href":"https:\/\/industrial.unitru.edu.pe\/index.php\/wp-json\/wp\/v2\/pages"}],"about":[{"href":"https:\/\/industrial.unitru.edu.pe\/index.php\/wp-json\/wp\/v2\/types\/page"}],"author":[{"embeddable":true,"href":"https:\/\/industrial.unitru.edu.pe\/index.php\/wp-json\/wp\/v2\/users\/1"}],"replies":[{"embeddable":true,"href":"https:\/\/industrial.unitru.edu.pe\/index.php\/wp-json\/wp\/v2\/comments?post=814"}],"version-history":[{"count":10,"href":"https:\/\/industrial.unitru.edu.pe\/index.php\/wp-json\/wp\/v2\/pages\/814\/revisions"}],"predecessor-version":[{"id":2336,"href":"https:\/\/industrial.unitru.edu.pe\/index.php\/wp-json\/wp\/v2\/pages\/814\/revisions\/2336"}],"wp:attachment":[{"href":"https:\/\/industrial.unitru.edu.pe\/index.php\/wp-json\/wp\/v2\/media?parent=814"}],"curies":[{"name":"wp","href":"https:\/\/api.w.org\/{rel}","templated":true}]}}